1 composite?
True
Is 326447389 composite?
True
Is 2258753443 composite?
False
Is 41295641641 a prime number?
True
Is 4189854857 a composite number?
True
Is 8790590177 composite?
True
Is 105168233 prime?
True
Is 10863391639 composite?
False
Is 15722646493 a composite number?
False
Is 1102705553 a prime number?
False
Is 44614267309 composite?
False
Is 72534521 prime?
True
Is 112932073 a composite number?
False
Is 11175142873 composite?
False
Is 5042430011 a composite number?
True
Is 8509511293 a composite number?
False
Is 10398323539 a prime number?
False
Is 3234309061 composite?
True
Is 1671522551 a composite number?
False
Is 903507257 composite?
False
Is 4912588877 composite?
True
Is 106714997 a composite number?
False
Is 665214127 a prime number?
True
Is 917085517 composite?
False
Is 44591135623 prime?
True
Is 2337225347 a prime number?
True
Is 349906933 a composite number?
True
Is 26720839777 composite?
False
Is 156229732783 a composite number?
False
Is 231541393 a prime number?
False
Is 42367447613 prime?
True
Is 14401920266 composite?
True
Is 9178962333 prime?
False
Is 45939779 a prime number?
True
Is 11924794217 composite?
True
Is 60064259269 prime?
False
Is 953053037 a prime number?
True
Is 64952677 composite?
True
Is 6453490607 a composite number?
True
Is 35259481 composite?
True
Is 14741911177 a composite number?
True
Is 15124804889 a composite number?
False
Is 648858039 prime?
False
Is 279017383 a prime number?
True
Is 40682275021 composite?
False
Is 831803429 composite?
True
Is 421957897 prime?
True
Is 101036984077 a composite number?
False
Is 522263057 composite?
True
Is 47729368681 a prime number?
True
Is 13576339529 prime?
True
Is 19026002939 a composite number?
True
Is 2385774103 composite?
False
Is 871389403 a prime number?
False
Is 6084814331 a prime number?
False
Is 35655671063 a prime number?
False
Is 5511271999 prime?
False
Is 3493309333 a prime number?
True
Is 6927080891 composite?
True
Is 461320261 a prime number?
False
Is 2794381399 a prime number?
False
Is 60068251 a prime number?
False
Is 408255787 prime?
False
Is 2164606841 a prime number?
False
Is 24614910091 a prime number?
True
Is 57437037113 prime?
True
Is 53419365739 a composite number?
True
Is 8485494473 composite?
True
Is 891996793 composite?
True
Is 4590090991 composite?
False
Is 1972931083 composite?
False
Is 5794578137 a prime number?
False
Is 3428996119 a composite number?
True
Is 30050360933 a prime number?
False
Is 3798039017 composite?
False
Is 1219809281 a prime number?
False
Is 9506686303 a composite number?
True
Is 621016393 a composite number?
True
Is 1453718963 a prime number?
False
Is 19507435693 composite?
True
Is 2253785543 prime?
True
Is 722473061 composite?
False
Is 48533205857 a prime number?
True
Is 5724745207 prime?
True
Is 35833933 composite?
False
Is 7127273981 prime?
True
Is 8706391127 a composite number?
True
Is 33671268905 a composite number?
True
Is 11392081993 composite?
False
Is 55814219 a composite number?
False
Is 15088717087 prime?
True
Is 33962973281 composite?
False
Is 428631989 a composite number?
False
Is 1598347567 a composite number?
True
Is 23584600511 composite?
False
Is 20158675717 composite?
False
Is 5568568909 composite?
True
Is 28579407341 a prime number?
True
Is 48205414891 a composite number?
True
Is 25423321597 a prime number?
False
Is 941479835 a prime number?
False
Is 277298221 composite?
False
Is 455502533 a composite number?
False
Is 14772257243 composite?
False
Is 12000914621 a prime number?
False
Is 2552953589 composite?
True
Is 1168535779 a composite number?
False
Is 53340081799 a prime number?
True
Is 2998817449 a composite number?
True
Is 12290977709 a composite number?
False
Is 559703959 prime?
False
Is 1301017693 composite?
True
Is 108474452147 prime?
True
Is 26312819989 prime?
False
Is 152568005959 composite?
False
Is 49388025979 a composite number?
True
Is 511582831 a prime number?
False
Is 1316679301 a composite number?
True
Is 17227231687 a composite number?
True
Is 27154704623 composite?
True
Is 1294047739 composite?
True
Is 186853943 composite?
False
Is 12078622223 a prime number?
False
Is 22652521 composite?
False
Is 467393699 composite?
True
Is 12880411673 prime?
True
Is 846317377 a prime number?
True
Is 29388872419 composite?
False
Is 4919266237 composite?
False
Is 93325417 prime?
True
Is 362162161 prime?
True
Is 22820645539 a composite number?
True
Is 279118405471 composite?
True
Is 122112060557 a composite number?
True
Is 9059842771 prime?
False
Is 159123398771 a composite number?
False
Is 16331715811 composite?
False
Is 3278007829 a composite number?
False
Is 879934477 a prime number?
True
Is 21446865653 a prime number?
False
Is 995149679 composite?
True
Is 10008070229 a prime number?
False
Is 2147924953 prime?
True
Is 11373559499 composite?
True
Is 9979447447 a prime number?
False
Is 3754521371 a composite number?
True
Is 4809945871 prime?
True
Is 949709303 a composite number?
True
Is 8406394673 composite?
False
Is 2666057587 prime?
False
Is 211345843 prime?
False
Is 24310205429 composite?
True
Is 229786493 a composite number?
False
Is 10627636046 prime?
False
Is 183649777 a composite number?
False
Is 18913488599 composite?
True
Is 3913519367 prime?
True
Is 315026011 composite?
True
Is 757192159 a composite number?
False
Is 361173596045 composite?
True
Is 7583760949 prime?
True
Is 3410842117 prime?
True
Is 1295504813 a prime number?
True
Is 86715039063 prime?
False
Is 24062612621 prime?
True
Is 420363077 a prime number?
False
Is 945483557 a prime number?
False
Is 441128053 prime?
False
Is 39150548623 a prime number?
False
Is 1783490469 a prime number?
False
Is 32669531843 composite?
True
Is 6508213997 prime?
False
Is 6084915619 a prime number?
False
Is 1391014699 prime?
False
Is 16177931399 a composite number?
True
Is 6089822279 a prime number?
False
Is 15816280477 a composite number?
True
Is 20871039949 prime?
True
Is 31732549019 a composite number?
False
Is 2042779283 prime?
False
Is 1733787491 composite?
True
Is 423827771 composite?
False
Is 1429007201 a composite number?
True
Is 885138413 a prime number?
True
Is 4621405639 a prime number?
True
Is 116269487 a prime number?
True
Is 10012315229 composite?
True
Is 2560816891 a composite number?
True
Is 4604825945 composite?
True
Is 37028881363 prime?
True
Is 4509299393 prime?
False
Is 5929420897 composite?
False
Is 630529385 prime?
False
Is 231590827579 a composite number?
False
Is 9549460801 composite?
True
Is 98401692703 prime?
False
Is 1023649283 a composite number?
False
Is 2508247739 prime?
True
Is 59815707593 a composite number?
True
Is 14158154567 a composite number?
True
Is 506551085 a prime number?
False
Is 100372005247 composite?
True
Is 20157895003 prime?
True
Is 1259967589 prime?
False
Is 409084999 composite?
False
Is 58354367141 prime?
False
Is 32607708919 a prime number?
True
Is 401774017 a prime number?
False
Is 12782934647 a prime number?
False
Is 127063859 a composite number?
True
Is 3098565355 a composite number?
True
Is 10169732567 composite?
False
Is 2077102054 composite?
True
Is 1657949893 a prime number?
False
Is 421832771 a prime number?
True
Is 60293424101 composite?
False
Is 2220973453 prime?
True
Is 5548468249 composite?
False
Is 13563852931 a composite number?
False
Is 16326818561 a prime number?
False
Is 907983907 a composite number?
False
Is 935337133 prime?
False
Is 108186923105 a composite number?
True
Is 4194225853 a prime number?
True
Is 19466371177 a composite number?
True
Is 411370937 a prime number?
True
Is 10581911819 a prime number?
False
Is 159244817 a prime number?
True
Is 122560523573 a composite number?
False
Is 115192115 a composite number?
True
Is 69481787563 a prime number?
False
Is 6981793537 a prime number?
False
Is 9115608113 composite?
True
Is 20081227871 a prime number?
False
Is 465272959 a prime number?
True
Is 29382104519 a composite number?
True
Is 1799720435 a prime number?
False
Is 216623812943 a prime number?
True
Is 7193010647 a prime number?
True
Is 381269773 a composite number?
False
Is 4761390299 a prime number?
False
Is 396982501 a prime number?
False
Is 496766047 a prime number?
False
Is 5226199769 a prime number?
False
Is 13049194217 composite?
False
Is 3209852463 composite?
T